9
Let v(f) = -2*f**2 - 15*f - 4. What is v(-10)?
-54
Let m(l) = -3*l + 59. Give m(27).
-22
Let k(w) = w**2 - w - 19. Calculate k(6).
11
Let i(h) = 4*h + 1. Determine i(-2).
-7
Let q(z) = -z**2 + 16*z - 41. Determine q(3).
-2
Let y(c) = -2*c**2 - c + 23. What is y(4)?
-13
Let v(w) = -w**3 + 21*w**2 - 18*w - 38. What is v(20)?
2
Let x(y) = y**3 - y**2 + 3*y + 10. Calculate x(5).
125
Let h(l) = l**3 - 34*l**2 - 36*l + 18. Give h(35).
-17
Let p(a) = -a**3 - 8*a**2 + 13*a + 15. Determine p(-10).
85
Let f(j) = -2*j**2 + 28*j + 58. Determine f(19).
-132
Let d(r) = r**2 + 7*r. Give d(0).
0
Let g(h) = -h**2 + 4*h + 6. Determine g(6).
-6
Let p(h) = -h**2 - 10*h + 8. Give p(-10).
8
Let d(p) = -p**2 - 16*p + 127. Give d(-22).
-5
Let s(v) = -v**2 + 28*v - 72. Give s(25).
3
Let o(z) = -8*z + 1. Give o(2).
-15
Let y(n) = -16*n - 1. Calculate y(2).
-33
Let p(o) = o**3 + 16*o**2 - 7. Give p(-16).
-7
Let w(z) = -4*z - 27. Calculate w(-5).
-7
Let n(u) = -u**3 + 4*u**2 - 10*u + 67. Calculate n(5).
-8
Let u(b) = -2*b - 23. Give u(-10).
-3
Let u(i) = i**3 + 26*i**2 - 24*i + 95. Give u(-27).
14
Let q(z) = -22*z + 1. Calculate q(-2).
45
Let h(j) = -j**2 + 14*j - 29. Determine h(12).
-5
Let p(v) = -5*v + 4. Calculate p(-1).
9
Let a(n) = 5*n**3 - 3*n**2 + 4*n + 1. Calculate a(2).
37
Let j(u) = 13*u - 1. Calculate j(4).
51
Let h(f) = -f**3 + 5*f**2 - 4*f + 6. Determine h(5).
-14
Let k(x) = x**2 - 4*x - 4. Determine k(6).
8
Let w(u) = -u + 7. Determine w(8).
-1
Let i(g) = g**2 + 11*g + 21. What is i(-9)?
3
Let i(c) = -5*c**2 - 3*c - 2. Determine i(-1).
-4
Let g(j) = j**3 + 10*j**2 + 11. Calculate g(-10).
11
Let o(j) = -j**3 + 18*j**2 - 2*j + 41. What is o(18)?
5
Let p(t) = -2*t**2 - 29*t - 93. What is p(-11)?
-16
Let u(x) = -x + 20. Determine u(6).
14
Let i(c) = 10*c**2 - 5*c + 3. Give i(1).
8
Let t(d) = 3*d**3 - 4*d**2 + 2*d - 8. Determine t(4).
128
Let x(w) = w**3 + w + 42. Determine x(0).
42
Let u(d) = -d**2 - 19*d - 66. Determine u(-15).
-6
Let w(s) = 7*s - 53. Give w(8).
3
Let g(s) = -s - 1. Determine g(-5).
4
Let x(o) = 7*o - 11. Calculate x(-7).
-60
Let y(f) = 2*f**2 - 13*f + 6. Calculate y(6).
0
Let h(w) = -16*w**3 - 2*w**2 + 3*w - 1. Determine h(1).
-16
Let d(m) = m**2 - 7*m + 4. Calculate d(2).
-6
Let r(h) = 2*h - 22. Give r(7).
-8
Let n(f) = 5*f - 5. Determine n(2).
5
Let n(r) = -r**3 + 5*r**2 - 2*r - 1. What is n(3)?
11
Let r(x) = x. Give r(1).
1
Let d(h) = 2*h**2 + 31*h - 245. Calculate d(-21).
-14
Let n(l) = 2*l - 9. Calculate n(0).
-9
Let g(t) = 2*t**2 + 17*t + 51. What is g(-6)?
21
Let y(t) = 2*t + 16. Calculate y(-11).
-6
Let k(t) = -2*t**3 - 36*t**2 + 31*t - 127. Determine k(-19).
6
Let v(t) = 4*t - 13. What is v(4)?
3
Let b(n) = -69*n - 12. Determine b(-3).
195
Let n(x) = x**3 + 19*x**2 + 62*x + 37. Determine n(-15).
7
Let r(a) = a**3 - 62*a**2 - 128*a + 1. Determine r(64).
1
Let w(f) = -f**2 - f - 11. Determine w(0).
-11
Let a(x) = -x**2 - 22*x + 54. Give a(-24).
6
Let t(v) = -v + 42. Calculate t(32).
10
Let d(t) = -t + 14. What is d(9)?
5
Let d(r) = -r**2 - r + 3. Give d(-7).
-39
Let i(d) = 91*d - 19. Calculate i(2).
163
Let x(t) = -2*t**3 - 5*t**2 + 7*t + 8. What is x(-5)?
98
Let u(x) = x**3 + 48*x**2 - 264*x + 37. What is u(-53)?
-16
Let y(g) = -g**3 - 16*g**2 + 37*g + 19. Determine y(-18).
1
Let c(x) = -x + 4. What is c(-3)?
7
Let z(q) = -q**2 - 8*q - 4. Give z(3).
-37
Let a(u) = u - 44. Determine a(-7).
-51
Let o(h) = h + 7. Calculate o(-1).
6
Let h(d) = d**2 + 12*d - 5. What is h(-10)?
-25
Let s(x) = 4*x**2 + 19*x - 7. What is s(-5)?
-2
Let p(i) = -2*i - 20. Calculate p(-19).
18
Let z(u) = 2*u + 22. Calculate z(-14).
-6
Let w(a) = 59*a**2 + 2*a + 2. Give w(-1).
59
Let y(r) = -8*r + 13. What is y(-5)?
53
Let r(b) = 3*b**2 - 2*b - 2. Determine r(0).
-2
Let q(d) = -d**2 - 10*d - 3. Calculate q(-10).
-3
Let n(h) = -h + 8. Give n(10).
-2
Let h(v) = v**2 - 4*v + 2. Give h(-9).
119
Let r(u) = u**2 + 11*u + 9. Determine r(-10).
-1
Let f(o) = o**3 - 20*o**2 - 20*o - 14. What is f(21)?
7
Let d(o) = -4*o**2 + 155*o + 64. Determine d(39).
25
Let s(k) = k**3 + 10*k**2 + 12*k + 5. What is s(-8)?
37
Let a(c) = c**2 + 8*c + 5. Give a(-4).
-11
Let t(y) = -y**3 + 48*y**2 - 132*y - 129. Calculate t(45).
6
Let g(x) = x**2 - 11*x + 7. Calculate g(11).
7
Let b(d) = 7*d - 19. What is b(4)?
9
Let g(c) = -14*c - 6. Determine g(-4).
50
Let u(t) = -5*t - 34. Determine u(11).
-89
Let i(g) = -g**3 + 4*g**2 - 11*g + 6. Calculate i(2).
-8
Let t(i) = -5*i + 56. Calculate t(16).
-24
Let b(u) = -48*u**2 - 5*u - 4. Calculate b(-1).
-47
Let z(l) = l**2 - 60*l + 220. Determine z(4).
-4
Let k(b) = 4*b**2 - 18*b - 4. Give k(5).
6
Let h(x) = 3*x + 103. Determine h(-35).
-2
Let o(l) = -l**2 - 7*l - 15. Calculate o(-6).
-9
Let c(t) = t**3 - t**2 - 4*t - 75. Give c(0).
-75
Let c(z) = 2*z + 12. Determine c(1).
14
Let m(t) = -17*t + 30. Calculate m(2).
-4
Let g(k) = k**3 - 2*k**2 - 2*k - 31. Calculate g(0).
-31
Let r(s) = -7*s + 100. What is r(20)?
-40
Let m(x) = x**3 + 4*x**2 - 4*x - 5. Give m(-4).
11
Let g(a) = -a - 24. Calculate g(-20).
-4
Let g(t) = -t**3 - 7*t**2 - 2*t - 21. Determine g(-5).
-61
Let v(y) = y**3 - 31*y**2 - 71*y + 23. What is v(33)?
-142
Let n(w) = -w**2 + 11*w + 32. Determine n(13).
6
Let p(f) = 11*f - 37. Give p(9).
62
Let j(c) = -2*c + 3. Give j(-4).
11
Let u(n) = 69*n + 202. Give u(-3).
-5
Let f(i) = 2*i + 9. Determine f(-5).
-1
Let a(w) = 9*w**2 - 7*w + 3. Determine a(3).
63
Let k(v) = -8*v**2 + 255*v + 35. What is k(32)?
3
Let v(x) = x**3 + 6*x**2 - x - 8. What is v(-6)?
-2
Let p(k) = -k**2 + 4*k + 4. Determine p(4).
4
Let b(p) = 2*p**2 + 48*p + 275. Calculate b(-14).
-5
Let m(v) = 20*v + 91. What is m(-4)?
11
Let k(l) = -l**3 - l**2 + 8*l + 3. What is k(-3)?
-3
Let z(l) = -l**2 - l - 96. What is z(0)?
-96
Let t(h) = 10*h**3 - 2*h**2 + 2*h - 1. Calculate t(1).
9
Let m(n) = -81*n - 157. Calculate m(-2).
5
Let g(a) = a**3 - 13*a**2 + 9*a + 2. Calculate g(12).
-34
Let j(m) = -31*m + 753. Calculate j(24).
9
Let b(q) = q**2 - 15*q - 49. Determine b(18).
5
Let t(f) = f**3 - 17*f**2 - f + 4. Determine t(17).
-13
Let b(c) = -c**3 + c**2 - 2. Calculate b(4).
-50
Let q(r) = -2*r**2 + 30*r - 4. Determine q(15).
-4
Let q(p) = p**3 + 15*p**2 + 13*p - 10. What is q(-14)?
4
Let a(y) = -2*y**2 + 34*y - 42. Determine a(15).
18
Let x(i) = i**2 - 9*i - 12. Give x(8).
-20
Let c(j) = -j**2 + 9*j + 15. Determine c(7).
29
Let q(s) = s - 19. Give q(-19).
-38
Let f(w) = -2*w**2 - 5*w - 6. What is f(-4)?
-18
Let z(s) = -2*s**2 + 14*s - 8. Calculate z(8).
-24
Let q(i) = -i**2 + 8*i + 33. What is q(11)?
0
Let n(g) = -8*g + 20. Calculate n(3).
-4
Let c(a) = a**3 + 39*a**2 + a + 19. Calculate c(-39).
-20
Let n(b) = b**3 - 5*b**2 - 4*b + 29. What is n(5)?
9
Let p(f) = -f**2 - 23*f - 13. What is p(-19)?
63
Let u(m) = -m**3 - 2*m**2 - 5*m - 6. Calculate u(-3).
18
Let r(x) = 3*x + 77. Give r(-37).
-34
Let a(p) = -p**3 - 15*p**2 - 25*p + 6. What is a(-13)?
-7
Let q(d) = -2*d**2 + 25*d + 4. Determine q(0).
4
Let w(i) = 11*i + 95. Calculate w(-11).
-26
Let c(g) = g**2 - 24*g + 24. Determine c(22).
-20
Let b(u) = 40*u + 243. Determine b(-6).
3
Let a(p) = 3*p**2 + p. What is a(1)?
4
Let a(f) = -f**3 - 2*f**2 + 6*f - 5. What is a(-5)?
40
Let b(a) = -a**3 + 7*a**2 + 10*a. Give b(8).
16
Let a(h) = -h**2 + 6*h + 9. Determine a(6).
9
Let p(h) = h**2 + 14*h - 11. Calculate p(-14).
-11
Let o(c) = 2*c**3 - 12*c**2 + 14*c + 1. What is o(4)?
-7
Let y(o) = -o**2 + 13*o - 18. Determine y(10).
12
Let j(s) = 2*s**2 - 11*s + 11. Determine j(5).
6
Let j(k) = -6*k. Give j(-3).
18
Let m(x) = -3*x**2 + x - 10. Give m(-5).
-90
Let g(w) = -3*w - 10. Calculate g(-5).
5
Let f(u) = -u**2 + 25*u - 91. Determine f(21).
-7
Let a(h) = -h**2 - 9*h + 11. Give a(-10).
1
Let z(o) = -3*o**2 + 2*o + 4. What is z(5)?
-61
Let o(s) = -s**3 - 5*s**2 + 18*s - 4. Calculate o(-6).
-76
Let i(o) = -33*o + 1888. Determine i(57).
7
Let b(u) = -6*u**3 + 7*u**2 - 3. Give b(-1).
10
Let r(a) = -a**2 + 5*a + 13. Calculate r(6).
7
Let o(y) = 2*y + 1. Give o(-9).
-17
Let x(j) = j**2 + 15*j - 62. Calculate x(-18).
-8
Let m(y) = -y**3 + 8*y**2 + 30*y + 8. What is m(11)?
-25
Let n(p) = -p - 18. Calculate n(12).
-30
Let n(g) = 47*g**2 + 2*g. Calculate n(-1).
45
Let x(u) = -u**3 + 10*u**2 + 9*u - 161. Give x(9).
1
Let u(m) = -23*m**2 + 22*m. Give u(3).